{"id":1245,"date":"2021-11-29T08:50:31","date_gmt":"2021-11-29T08:50:31","guid":{"rendered":"https:\/\/ciberesfera.es\/fisios2\/equip\/"},"modified":"2023-03-09T10:02:23","modified_gmt":"2023-03-09T10:02:23","slug":"equip","status":"publish","type":"page","link":"https:\/\/www.fisios.net\/ca\/equip\/","title":{"rendered":"Equip"},"content":{"rendered":"\n<div class=\"wp-block-columns is-layout-flex wp-container-core-columns-is-layout-9d6595d7 wp-block-columns-is-layout-flex\">\n<div class=\"wp-block-column is-layout-flow wp-block-column-is-layout-flow\" style=\"flex-basis:25%\"><\/div>\n\n\n\n<div class=\"wp-block-column is-layout-flow wp-block-column-is-layout-flow\" style=\"flex-basis:50%\">\n<h2 class=\"has-theme-primary-color has-text-color wp-block-heading\">Qui est\u00e0 darrere de FISIOS?<br><\/h2>\n\n\n\n<p>L&#8217;equip FISIOS est\u00e0 format per set fisioterapeutes i un traumat\u00f2leg professionals i certificats.<br>A continuaci\u00f3 volem que coneguis una mica m\u00e9s d&#8217;ells:<\/p>\n<\/div>\n\n\n\n<div class=\"wp-block-column is-layout-flow wp-block-column-is-layout-flow\" style=\"flex-basis:25%\"><\/div>\n<\/div>\n\n\n\n<div style=\"height:20px\" aria-hidden=\"true\" class=\"wp-block-spacer\"><\/div>\n\n\n\n<div class=\"wp-block-columns is-layout-flex wp-container-core-columns-is-layout-9d6595d7 wp-block-columns-is-layout-flex\">\n<div class=\"wp-block-column tratamiento is-layout-flow wp-block-column-is-layout-flow\">\n<figure class=\"wp-block-image size-large\"><img loading=\"lazy\" decoding=\"async\" width=\"816\" height=\"1024\" src=\"http:\/\/www.fisios.net\/wp-content\/uploads\/2023\/03\/Grupo-2-816x1024.jpg\" alt=\"\" class=\"wp-image-2567\" srcset=\"https:\/\/www.fisios.net\/wp-content\/uploads\/2023\/03\/Grupo-2-816x1024.jpg 816w, https:\/\/www.fisios.net\/wp-content\/uploads\/2023\/03\/Grupo-2-239x300.jpg 239w, https:\/\/www.fisios.net\/wp-content\/uploads\/2023\/03\/Grupo-2-768x964.jpg 768w, https:\/\/www.fisios.net\/wp-content\/uploads\/2023\/03\/Grupo-2.jpg 978w\" sizes=\"auto, (max-width: 816px) 100vw, 816px\" \/><\/figure>\n\n\n\n<p><mark style=\"background-color:rgba(0, 0, 0, 0)\" class=\"has-inline-color has-theme-secondary-color\">SALVADOR MART\u00cdN BARREALES<\/mark><\/p>\n\n\n\n<p>\u2022 Fisioterapeuta per la Universitat Ramon Llull de Barcelona. Promoci\u00f3 1995-98.<\/p>\n\n\n\n<p>\u2022 Col\u00b7legiat n\u00famero 2.398 Col.legi&nbsp;Fisioterapeutes&nbsp;de Catalunya.<\/p>\n\n\n\n<p>\u2022 Expert Universitari Osteopatia per la Universitat Complutense de Madrid.<\/p>\n\n\n\n<p>\u2022 Curs d&#8217;Embenatges Funcionals.<\/p>\n\n\n\n<p>\u2022 Curs en Massatge i Fisioter\u00e0pia Esportiva.<\/p>\n\n\n\n<p>\u2022 T\u00e8cnic en Prevenci\u00f3 de Riscos Laborals.<\/p>\n\n\n\n<p>\u2022 Curs de Reflexologia&nbsp;podal.<\/p>\n\n\n\n<p>\u2022 Impartici\u00f3 de seminaris. Ergonomia en el treball per a professionals sanitaris i no sanitaris. Indicacions i aplicaci\u00f3 dels diferents elements i mesures de subjecci\u00f3 emprats habitualment.<\/p>\n\n\n\n<p>\u2022 M\u00e0ster en Fisioter\u00e0pia Maxil\u00b7lofacial i&nbsp;ATM.<\/p>\n<\/div>\n\n\n\n<div class=\"wp-block-column tratamiento is-layout-flow wp-block-column-is-layout-flow\">\n<figure class=\"wp-block-image size-large\"><img loading=\"lazy\" decoding=\"async\" width=\"816\" height=\"1024\" src=\"http:\/\/www.fisios.net\/wp-content\/uploads\/2023\/03\/Grupo-3-816x1024.jpg\" alt=\"\" class=\"wp-image-2569\" srcset=\"https:\/\/www.fisios.net\/wp-content\/uploads\/2023\/03\/Grupo-3-816x1024.jpg 816w, https:\/\/www.fisios.net\/wp-content\/uploads\/2023\/03\/Grupo-3-239x300.jpg 239w, https:\/\/www.fisios.net\/wp-content\/uploads\/2023\/03\/Grupo-3-768x964.jpg 768w, https:\/\/www.fisios.net\/wp-content\/uploads\/2023\/03\/Grupo-3.jpg 978w\" sizes=\"auto, (max-width: 816px) 100vw, 816px\" \/><\/figure>\n\n\n\n<p><mark style=\"background-color:rgba(0, 0, 0, 0)\" class=\"has-inline-color has-theme-secondary-color\">PAULA TARRAS\u00d3N GONZ\u00c1LEZ<\/mark><\/p>\n\n\n\n<p>\u2022 Fisioterapeuta&nbsp;per&nbsp;la Universitat Ramon Llull de Barcelona.&nbsp;Promoci\u00f3&nbsp;2014-19.<\/p>\n\n\n\n<p>\u2022 Col\u00b7legiat&nbsp;n\u00famero 14116 Col\u00b7legi&nbsp;de&nbsp;Fisioterapeutes&nbsp;de Catalunya.<\/p>\n\n\n\n<p>\u2022&nbsp;Curs&nbsp;de&nbsp;Punci\u00f3&nbsp;seca i&nbsp;tractament&nbsp;dolor miofascial.<\/p>\n\n\n\n<p>\u2022&nbsp;Curs&nbsp;de&nbsp;raonament&nbsp;i&nbsp;diagn\u00f2stic&nbsp;cl\u00ednic.<\/p>\n<\/div>\n\n\n\n<div class=\"wp-block-column tratamiento is-layout-flow wp-block-column-is-layout-flow\">\n<figure class=\"wp-block-image size-large\"><img loading=\"lazy\" decoding=\"async\" width=\"816\" height=\"1024\" src=\"http:\/\/www.fisios.net\/wp-content\/uploads\/2023\/03\/Grupo-6-816x1024.jpg\" alt=\"\" class=\"wp-image-2571\" srcset=\"https:\/\/www.fisios.net\/wp-content\/uploads\/2023\/03\/Grupo-6-816x1024.jpg 816w, https:\/\/www.fisios.net\/wp-content\/uploads\/2023\/03\/Grupo-6-239x300.jpg 239w, https:\/\/www.fisios.net\/wp-content\/uploads\/2023\/03\/Grupo-6-768x964.jpg 768w, https:\/\/www.fisios.net\/wp-content\/uploads\/2023\/03\/Grupo-6.jpg 978w\" sizes=\"auto, (max-width: 816px) 100vw, 816px\" \/><\/figure>\n\n\n\n<p><mark style=\"background-color:rgba(0, 0, 0, 0)\" class=\"has-inline-color has-theme-secondary-color\">YOLANDA CALDER\u00d3N RUBIO<\/mark><\/p>\n\n\n\n<p>\u2022 Fisioterapeuta per Escola Universit\u00e0ria Gimbernat. Promoci\u00f3 2001-2005.<\/p>\n\n\n\n<p>\u2022 Col\u00b7legiat n\u00famero 5783 Col.legi&nbsp;Fisioterapeutes&nbsp;de Catalunya.<\/p>\n\n\n\n<p>\u2022 Curs Monogr\u00e0fic de&nbsp;Reflexoter\u00e0pia.<\/p>\n\n\n\n<p>\u2022 Curs de Formaci\u00f3 en Gerontologia-Geriatria.<\/p>\n\n\n\n<p>\u2022 Curs de Formaci\u00f3 sobre persones amb Ceguesa i Disminuci\u00f3 Visual.<\/p>\n\n\n\n<p>\u2022 Curs Monogr\u00e0fic de la S\u00edndrome de Dolor Miofascial.<\/p>\n\n\n\n<p>\u2022 Curs de Ter\u00e0pia del&nbsp;Reequilibrament&nbsp;de l&#8217;Aparell Locomotor (TRAL).<\/p>\n\n\n\n<p>\u2022 Curs de T\u00e8cniques d&#8217;Embenatge Neuromuscular (Kinesiotaping).<\/p>\n\n\n\n<p>\u2022 Curs de Formaci\u00f3&nbsp;BLANDINE&nbsp;CALAIS&nbsp;GERMAIN. Anatomia per al moviment: El perineu femen\u00ed.<\/p>\n\n\n\n<p>\u2022 Curs de Reeducaci\u00f3 dels Problemes de l&#8217;ATM&nbsp;i Trastorns Craniomandibulars i Craniocervicals.<\/p>\n\n\n\n<p>\u2022 Curs d&#8217;Actualitzaci\u00f3 en Electroter\u00e0pia Analg\u00e8sica.<br>\u2022 Curs de Fisioter\u00e0pia Respirat\u00f2ria Pr\u00e0ctica en Pediatria.<\/p>\n\n\n\n<p>\u2022 Curso M\u00e8tode Pilates S\u00f2l per a Fisioterapeutes.<\/p>\n\n\n\n<p>\u2022 Curs de Formaci\u00f3 en T\u00e8cniques&nbsp;Hipopresivas.<\/p>\n<\/div>\n<\/div>\n\n\n\n<div class=\"wp-block-columns is-layout-flex wp-container-core-columns-is-layout-9d6595d7 wp-block-columns-is-layout-flex\">\n<div class=\"wp-block-column tratamiento is-layout-flow wp-block-column-is-layout-flow\">\n<figure class=\"wp-block-image size-large\"><img loading=\"lazy\" decoding=\"async\" width=\"816\" height=\"1024\" src=\"http:\/\/www.fisios.net\/wp-content\/uploads\/2023\/03\/Grupo-5-816x1024.jpg\" alt=\"\" class=\"wp-image-2573\" srcset=\"https:\/\/www.fisios.net\/wp-content\/uploads\/2023\/03\/Grupo-5-816x1024.jpg 816w, https:\/\/www.fisios.net\/wp-content\/uploads\/2023\/03\/Grupo-5-239x300.jpg 239w, https:\/\/www.fisios.net\/wp-content\/uploads\/2023\/03\/Grupo-5-768x964.jpg 768w, https:\/\/www.fisios.net\/wp-content\/uploads\/2023\/03\/Grupo-5.jpg 978w\" sizes=\"auto, (max-width: 816px) 100vw, 816px\" \/><\/figure>\n\n\n\n<p><mark style=\"background-color:rgba(0, 0, 0, 0)\" class=\"has-inline-color has-theme-secondary-color\">CARLOS GARC\u00cdA GIM\u00c9NEZ<\/mark><\/p>\n\n\n\n<p>\u2022 Fisioterapeuta por&nbsp;Universitat Internacional de&nbsp;Catalunya. Promoci\u00f3 2015-19.<\/p>\n\n\n\n<p>\u2022 Col\u00b7legiat n\u00famero 14373 Col\u00b7legi de Fisioterapeutes de Catalunya.<\/p>\n\n\n\n<p>\u2022 Curs de Punci\u00f3 seca i tractament dolor miofascial.<\/p>\n<\/div>\n\n\n\n<div class=\"wp-block-column tratamiento is-layout-flow wp-block-column-is-layout-flow\">\n<figure class=\"wp-block-image size-large\"><img loading=\"lazy\" decoding=\"async\" width=\"816\" height=\"1024\" src=\"http:\/\/www.fisios.net\/wp-content\/uploads\/2023\/03\/Grupo-4-816x1024.jpg\" alt=\"\" class=\"wp-image-2575\" srcset=\"https:\/\/www.fisios.net\/wp-content\/uploads\/2023\/03\/Grupo-4-816x1024.jpg 816w, https:\/\/www.fisios.net\/wp-content\/uploads\/2023\/03\/Grupo-4-239x300.jpg 239w, https:\/\/www.fisios.net\/wp-content\/uploads\/2023\/03\/Grupo-4-768x964.jpg 768w, https:\/\/www.fisios.net\/wp-content\/uploads\/2023\/03\/Grupo-4.jpg 978w\" sizes=\"auto, (max-width: 816px) 100vw, 816px\" \/><\/figure>\n\n\n\n<p><mark style=\"background-color:rgba(0, 0, 0, 0)\" class=\"has-inline-color has-theme-secondary-color\">GUILLEM CODINA ARTACHO<\/mark><\/p>\n\n\n\n<p>\u2022 Fisioterapeuta per&nbsp;Universitat Internacional de&nbsp;Catalunya. Promoci\u00f3 2015-19.<\/p>\n\n\n\n<p>\u2022 Col\u00b7legiat n\u00famero 14373 Col\u00b7legi&nbsp;de&nbsp;Fisioterapeutes&nbsp;de Catalunya.<\/p>\n\n\n\n<p>\u2022 Curs de Punci\u00f3 seca i tractament dolor miofascial.<\/p>\n<\/div>\n\n\n\n<div class=\"wp-block-column tratamiento is-layout-flow wp-block-column-is-layout-flow\">\n<figure class=\"wp-block-image size-large\"><img loading=\"lazy\" decoding=\"async\" width=\"816\" height=\"1024\" src=\"http:\/\/www.fisios.net\/wp-content\/uploads\/2023\/03\/Grupo-1-816x1024.jpg\" alt=\"\" class=\"wp-image-2577\" srcset=\"https:\/\/www.fisios.net\/wp-content\/uploads\/2023\/03\/Grupo-1-816x1024.jpg 816w, https:\/\/www.fisios.net\/wp-content\/uploads\/2023\/03\/Grupo-1-239x300.jpg 239w, https:\/\/www.fisios.net\/wp-content\/uploads\/2023\/03\/Grupo-1-768x964.jpg 768w, https:\/\/www.fisios.net\/wp-content\/uploads\/2023\/03\/Grupo-1.jpg 978w\" sizes=\"auto, (max-width: 816px) 100vw, 816px\" \/><\/figure>\n\n\n\n<p><mark style=\"background-color:rgba(0, 0, 0, 0)\" class=\"has-inline-color has-theme-secondary-color\">SERGIO CARRETO MATEOS<\/mark><\/p>\n\n\n\n<p>\u2022 Fisioterapeuta per la Universitat Ramon Llull de Barcelona. Promoci\u00f3 2015-19.<\/p>\n\n\n\n<p>\u2022 Col\u00b7legiat n\u00famero 14.402.Col\u00b7legi&nbsp;de&nbsp;Fisioterapeutes&nbsp;de Catalunya.<\/p>\n\n\n\n<p>\u2022 Curs en&nbsp;Quiromassatge.<\/p>\n\n\n\n<p>\u2022 Curs de Punci\u00f3 seca i tractament dolor miofascial.<\/p>\n\n\n\n<p>\u2022 T\u00e8cnic superior en Animaci\u00f3 d&#8217;activitats f\u00edsiques i esportives (AAFE).<\/p>\n<\/div>\n<\/div>\n","protected":false},"excerpt":{"rendered":"<p>Qui est\u00e0 darrere de FISIOS? L&#8217;equip FISIOS est\u00e0 format per set fisioterapeutes i un traumat\u00f2leg professionals i certificats.A continuaci\u00f3 volem que coneguis una mica m\u00e9s d&#8217;ells: SALVADOR MART\u00cdN BARREALES \u2022 Fisioterapeuta per la Universitat Ramon Llull de Barcelona. Promoci\u00f3 1995-98. \u2022 Col\u00b7legiat n\u00famero 2.398 Col.legi&nbsp;Fisioterapeutes&nbsp;de Catalunya. \u2022 Expert Universitari Osteopatia per la Universitat Complutense de [&hellip;]<\/p>\n","protected":false},"author":1,"featured_media":0,"parent":0,"menu_order":0,"comment_status":"closed","ping_status":"closed","template":"","meta":{"inline_featured_image":false,"_genesis_hide_title":false,"_genesis_hide_breadcrumbs":false,"_genesis_hide_singular_image":false,"_genesis_hide_footer_widgets":false,"_genesis_custom_body_class":"","_genesis_custom_post_class":"","_genesis_layout":"","_joinchat":[],"footnotes":""},"class_list":{"0":"post-1245","1":"page","2":"type-page","3":"status-publish","5":"entry"},"_links":{"self":[{"href":"https:\/\/www.fisios.net\/ca\/wp-json\/wp\/v2\/pages\/1245","targetHints":{"allow":["GET"]}}],"collection":[{"href":"https:\/\/www.fisios.net\/ca\/wp-json\/wp\/v2\/pages"}],"about":[{"href":"https:\/\/www.fisios.net\/ca\/wp-json\/wp\/v2\/types\/page"}],"author":[{"embeddable":true,"href":"https:\/\/www.fisios.net\/ca\/wp-json\/wp\/v2\/users\/1"}],"replies":[{"embeddable":true,"href":"https:\/\/www.fisios.net\/ca\/wp-json\/wp\/v2\/comments?post=1245"}],"version-history":[{"count":21,"href":"https:\/\/www.fisios.net\/ca\/wp-json\/wp\/v2\/pages\/1245\/revisions"}],"predecessor-version":[{"id":2580,"href":"https:\/\/www.fisios.net\/ca\/wp-json\/wp\/v2\/pages\/1245\/revisions\/2580"}],"wp:attachment":[{"href":"https:\/\/www.fisios.net\/ca\/wp-json\/wp\/v2\/media?parent=1245"}],"curies":[{"name":"wp","href":"https:\/\/api.w.org\/{rel}","templated":true}]}}

<div class="wp-block-columns is-layout-flex wp-container-core-columns-is-layout-9d6595d7 wp-block-columns-is-layout-flex">
<div class="wp-block-column is-layout-flow wp-block-column-is-layout-flow" style="flex-basis:25%"></div>



<div class="wp-block-column is-layout-flow wp-block-column-is-layout-flow" style="flex-basis:50%">
<h2 class="has-theme-primary-color has-text-color wp-block-heading">Qui està darrere de FISIOS?<br></h2>



<p>L&#8217;equip FISIOS està format per set fisioterapeutes i un traumatòleg professionals i certificats.<br>A continuació volem que coneguis una mica més d&#8217;ells:</p>
</div>



<div class="wp-block-column is-layout-flow wp-block-column-is-layout-flow" style="flex-basis:25%"></div>
</div>



<div style="height:20px" aria-hidden="true" class="wp-block-spacer"></div>



<div class="wp-block-columns is-layout-flex wp-container-core-columns-is-layout-9d6595d7 wp-block-columns-is-layout-flex">
<div class="wp-block-column tratamiento is-layout-flow wp-block-column-is-layout-flow">
<figure class="wp-block-image size-large"><img loading="lazy" decoding="async" width="816" height="1024" src="http://www.fisios.net/wp-content/uploads/2023/03/Grupo-2-816x1024.jpg" alt="" class="wp-image-2567" srcset="https://www.fisios.net/wp-content/uploads/2023/03/Grupo-2-816x1024.jpg 816w, https://www.fisios.net/wp-content/uploads/2023/03/Grupo-2-239x300.jpg 239w, https://www.fisios.net/wp-content/uploads/2023/03/Grupo-2-768x964.jpg 768w, https://www.fisios.net/wp-content/uploads/2023/03/Grupo-2.jpg 978w" sizes="auto, (max-width: 816px) 100vw, 816px" /></figure>



<p><mark style="background-color:rgba(0, 0, 0, 0)" class="has-inline-color has-theme-secondary-color">SALVADOR MARTÍN BARREALES</mark></p>



<p>• Fisioterapeuta per la Universitat Ramon Llull de Barcelona. Promoció 1995-98.</p>



<p>• Col·legiat número 2.398 Col.legi&nbsp;Fisioterapeutes&nbsp;de Catalunya.</p>



<p>• Expert Universitari Osteopatia per la Universitat Complutense de Madrid.</p>



<p>• Curs d&#8217;Embenatges Funcionals.</p>



<p>• Curs en Massatge i Fisioteràpia Esportiva.</p>



<p>• Tècnic en Prevenció de Riscos Laborals.</p>



<p>• Curs de Reflexologia&nbsp;podal.</p>



<p>• Impartició de seminaris. Ergonomia en el treball per a professionals sanitaris i no sanitaris. Indicacions i aplicació dels diferents elements i mesures de subjecció emprats habitualment.</p>



<p>• Màster en Fisioteràpia Maxil·lofacial i&nbsp;ATM.</p>
</div>



<div class="wp-block-column tratamiento is-layout-flow wp-block-column-is-layout-flow">
<figure class="wp-block-image size-large"><img loading="lazy" decoding="async" width="816" height="1024" src="http://www.fisios.net/wp-content/uploads/2023/03/Grupo-3-816x1024.jpg" alt="" class="wp-image-2569" srcset="https://www.fisios.net/wp-content/uploads/2023/03/Grupo-3-816x1024.jpg 816w, https://www.fisios.net/wp-content/uploads/2023/03/Grupo-3-239x300.jpg 239w, https://www.fisios.net/wp-content/uploads/2023/03/Grupo-3-768x964.jpg 768w, https://www.fisios.net/wp-content/uploads/2023/03/Grupo-3.jpg 978w" sizes="auto, (max-width: 816px) 100vw, 816px" /></figure>



<p><mark style="background-color:rgba(0, 0, 0, 0)" class="has-inline-color has-theme-secondary-color">PAULA TARRASÓN GONZÁLEZ</mark></p>



<p>• Fisioterapeuta&nbsp;per&nbsp;la Universitat Ramon Llull de Barcelona.&nbsp;Promoció&nbsp;2014-19.</p>



<p>• Col·legiat&nbsp;número 14116 Col·legi&nbsp;de&nbsp;Fisioterapeutes&nbsp;de Catalunya.</p>



<p>•&nbsp;Curs&nbsp;de&nbsp;Punció&nbsp;seca i&nbsp;tractament&nbsp;dolor miofascial.</p>



<p>•&nbsp;Curs&nbsp;de&nbsp;raonament&nbsp;i&nbsp;diagnòstic&nbsp;clínic.</p>
</div>



<div class="wp-block-column tratamiento is-layout-flow wp-block-column-is-layout-flow">
<figure class="wp-block-image size-large"><img loading="lazy" decoding="async" width="816" height="1024" src="http://www.fisios.net/wp-content/uploads/2023/03/Grupo-6-816x1024.jpg" alt="" class="wp-image-2571" srcset="https://www.fisios.net/wp-content/uploads/2023/03/Grupo-6-816x1024.jpg 816w, https://www.fisios.net/wp-content/uploads/2023/03/Grupo-6-239x300.jpg 239w, https://www.fisios.net/wp-content/uploads/2023/03/Grupo-6-768x964.jpg 768w, https://www.fisios.net/wp-content/uploads/2023/03/Grupo-6.jpg 978w" sizes="auto, (max-width: 816px) 100vw, 816px" /></figure>



<p><mark style="background-color:rgba(0, 0, 0, 0)" class="has-inline-color has-theme-secondary-color">YOLANDA CALDERÓN RUBIO</mark></p>



<p>• Fisioterapeuta per Escola Universitària Gimbernat. Promoció 2001-2005.</p>



<p>• Col·legiat número 5783 Col.legi&nbsp;Fisioterapeutes&nbsp;de Catalunya.</p>



<p>• Curs Monogràfic de&nbsp;Reflexoteràpia.</p>



<p>• Curs de Formació en Gerontologia-Geriatria.</p>



<p>• Curs de Formació sobre persones amb Ceguesa i Disminució Visual.</p>



<p>• Curs Monogràfic de la Síndrome de Dolor Miofascial.</p>



<p>• Curs de Teràpia del&nbsp;Reequilibrament&nbsp;de l&#8217;Aparell Locomotor (TRAL).</p>



<p>• Curs de Tècniques d&#8217;Embenatge Neuromuscular (Kinesiotaping).</p>



<p>• Curs de Formació&nbsp;BLANDINE&nbsp;CALAIS&nbsp;GERMAIN. Anatomia per al moviment: El perineu femení.</p>



<p>• Curs de Reeducació dels Problemes de l&#8217;ATM&nbsp;i Trastorns Craniomandibulars i Craniocervicals.</p>



<p>• Curs d&#8217;Actualització en Electroteràpia Analgèsica.<br>• Curs de Fisioteràpia Respiratòria Pràctica en Pediatria.</p>



<p>• Curso Mètode Pilates Sòl per a Fisioterapeutes.</p>



<p>• Curs de Formació en Tècniques&nbsp;Hipopresivas.</p>
</div>
</div>



<div class="wp-block-columns is-layout-flex wp-container-core-columns-is-layout-9d6595d7 wp-block-columns-is-layout-flex">
<div class="wp-block-column tratamiento is-layout-flow wp-block-column-is-layout-flow">
<figure class="wp-block-image size-large"><img loading="lazy" decoding="async" width="816" height="1024" src="http://www.fisios.net/wp-content/uploads/2023/03/Grupo-5-816x1024.jpg" alt="" class="wp-image-2573" srcset="https://www.fisios.net/wp-content/uploads/2023/03/Grupo-5-816x1024.jpg 816w, https://www.fisios.net/wp-content/uploads/2023/03/Grupo-5-239x300.jpg 239w, https://www.fisios.net/wp-content/uploads/2023/03/Grupo-5-768x964.jpg 768w, https://www.fisios.net/wp-content/uploads/2023/03/Grupo-5.jpg 978w" sizes="auto, (max-width: 816px) 100vw, 816px" /></figure>



<p><mark style="background-color:rgba(0, 0, 0, 0)" class="has-inline-color has-theme-secondary-color">CARLOS GARCÍA GIMÉNEZ</mark></p>



<p>• Fisioterapeuta por&nbsp;Universitat Internacional de&nbsp;Catalunya. Promoció 2015-19.</p>



<p>• Col·legiat número 14373 Col·legi de Fisioterapeutes de Catalunya.</p>



<p>• Curs de Punció seca i tractament dolor miofascial.</p>
</div>



<div class="wp-block-column tratamiento is-layout-flow wp-block-column-is-layout-flow">
<figure class="wp-block-image size-large"><img loading="lazy" decoding="async" width="816" height="1024" src="http://www.fisios.net/wp-content/uploads/2023/03/Grupo-4-816x1024.jpg" alt="" class="wp-image-2575" srcset="https://www.fisios.net/wp-content/uploads/2023/03/Grupo-4-816x1024.jpg 816w, https://www.fisios.net/wp-content/uploads/2023/03/Grupo-4-239x300.jpg 239w, https://www.fisios.net/wp-content/uploads/2023/03/Grupo-4-768x964.jpg 768w, https://www.fisios.net/wp-content/uploads/2023/03/Grupo-4.jpg 978w" sizes="auto, (max-width: 816px) 100vw, 816px" /></figure>



<p><mark style="background-color:rgba(0, 0, 0, 0)" class="has-inline-color has-theme-secondary-color">GUILLEM CODINA ARTACHO</mark></p>



<p>• Fisioterapeuta per&nbsp;Universitat Internacional de&nbsp;Catalunya. Promoció 2015-19.</p>



<p>• Col·legiat número 14373 Col·legi&nbsp;de&nbsp;Fisioterapeutes&nbsp;de Catalunya.</p>



<p>• Curs de Punció seca i tractament dolor miofascial.</p>
</div>



<div class="wp-block-column tratamiento is-layout-flow wp-block-column-is-layout-flow">
<figure class="wp-block-image size-large"><img loading="lazy" decoding="async" width="816" height="1024" src="http://www.fisios.net/wp-content/uploads/2023/03/Grupo-1-816x1024.jpg" alt="" class="wp-image-2577" srcset="https://www.fisios.net/wp-content/uploads/2023/03/Grupo-1-816x1024.jpg 816w, https://www.fisios.net/wp-content/uploads/2023/03/Grupo-1-239x300.jpg 239w, https://www.fisios.net/wp-content/uploads/2023/03/Grupo-1-768x964.jpg 768w, https://www.fisios.net/wp-content/uploads/2023/03/Grupo-1.jpg 978w" sizes="auto, (max-width: 816px) 100vw, 816px" /></figure>



<p><mark style="background-color:rgba(0, 0, 0, 0)" class="has-inline-color has-theme-secondary-color">SERGIO CARRETO MATEOS</mark></p>



<p>• Fisioterapeuta per la Universitat Ramon Llull de Barcelona. Promoció 2015-19.</p>



<p>• Col·legiat número 14.402.Col·legi&nbsp;de&nbsp;Fisioterapeutes&nbsp;de Catalunya.</p>



<p>• Curs en&nbsp;Quiromassatge.</p>



<p>• Curs de Punció seca i tractament dolor miofascial.</p>



<p>• Tècnic superior en Animació d&#8217;activitats físiques i esportives (AAFE).</p>
</div>
</div>

<p>Qui està darrere de FISIOS? L&#8217;equip FISIOS està format per set fisioterapeutes i un traumatòleg professionals i certificats.A continuació volem que coneguis una mica més d&#8217;ells: SALVADOR MARTÍN BARREALES • Fisioterapeuta per la Universitat Ramon Llull de Barcelona. Promoció 1995-98. • Col·legiat número 2.398 Col.legi&nbsp;Fisioterapeutes&nbsp;de Catalunya. • Expert Universitari Osteopatia per la Universitat Complutense de [&hellip;]</p>
