{"id":1283,"date":"2022-09-02T15:44:09","date_gmt":"2022-09-02T15:44:09","guid":{"rendered":"https:\/\/ciberesfera.es\/fisios2\/psicomotricitat\/"},"modified":"2023-02-15T14:17:42","modified_gmt":"2023-02-15T14:17:42","slug":"psicomotricitat","status":"publish","type":"page","link":"https:\/\/www.fisios.net\/ca\/psicomotricitat\/","title":{"rendered":"Psicomotricitat"},"content":{"rendered":"\n<div class=\"wp-block-columns align-items-center is-layout-flex wp-container-core-columns-is-layout-9d6595d7 wp-block-columns-is-layout-flex\">\n<div class=\"wp-block-column is-layout-flow wp-block-column-is-layout-flow\">\n<h1 class=\"has-theme-secondary-color has-text-color wp-block-heading\">PSICOMOTRICITAT<\/h1>\n<\/div>\n\n\n\n<div class=\"wp-block-column is-layout-flow wp-block-column-is-layout-flow\">\n<figure class=\"wp-block-image size-full\"><img loading=\"lazy\" decoding=\"async\" width=\"788\" height=\"685\" src=\"http:\/\/www.fisios.net\/wp-content\/uploads\/2022\/11\/psicomotricidad-1.png\" alt=\"\" class=\"wp-image-1799\" srcset=\"https:\/\/www.fisios.net\/wp-content\/uploads\/2022\/11\/psicomotricidad-1.png 788w, https:\/\/www.fisios.net\/wp-content\/uploads\/2022\/11\/psicomotricidad-1-300x261.png 300w, https:\/\/www.fisios.net\/wp-content\/uploads\/2022\/11\/psicomotricidad-1-768x668.png 768w\" sizes=\"auto, (max-width: 788px) 100vw, 788px\" \/><\/figure>\n<\/div>\n<\/div>\n\n\n\n<div class=\"wp-block-columns is-layout-flex wp-container-core-columns-is-layout-9d6595d7 wp-block-columns-is-layout-flex\">\n<div class=\"wp-block-column menu-servicios is-layout-flow wp-block-column-is-layout-flow\" style=\"flex-basis:20%\">\n<div class=\"wp-block-columns is-layout-flex wp-container-core-columns-is-layout-9d6595d7 wp-block-columns-is-layout-flex\">\n<div class=\"wp-block-column is-layout-flow wp-block-column-is-layout-flow\">\n<p>TOTS ELS TRACTAMENTS<\/p>\n\n\n\n<p><a href=\"http:\/\/www.fisios.net\/ca\/fisiopilates\/\" data-type=\"page\" data-id=\"929\">Fisiopilates<\/a><\/p>\n\n\n\n<p><a href=\"http:\/\/www.fisios.net\/ca\/psicomotricitat\/\" data-type=\"page\" data-id=\"934\">Psicomotricitat<\/a><\/p>\n\n\n\n<p><a href=\"http:\/\/www.fisios.net\/ca\/chi-kung-terapeutic\/\" data-type=\"page\" data-id=\"936\">Chi-*Kung Terap\u00e8utic<\/a><\/p>\n<\/div>\n<\/div>\n<\/div>\n\n\n\n<div class=\"wp-block-column is-layout-flow wp-block-column-is-layout-flow\" style=\"flex-basis:80%\">\n<p>La psicomotricitat \u00e9s la relaci\u00f3 m\u00fatua entre la funci\u00f3 motriu i la capacitat ps\u00edquica que engloba el component socioafectiu (on estan les relacions que estableix l&#8217;individu, comportaments i sentiments) i el component cognitiu (que fa refer\u00e8ncia a les capacitats i aptituds de l&#8217;individu)<\/p>\n\n\n\n<p>Podem dir, per tant, que el moviment no es redueix a una activitat mec\u00e0nica, sin\u00f3 que est\u00e0 influ\u00eft i influeix en la funci\u00f3 ps\u00edquica de l&#8217;individu.<\/p>\n\n\n\n<p>El moviment \u00e9s el mitj\u00e0 a trav\u00e9s del qual l&#8217;individu es posa en relaci\u00f3 amb el que li envolta; d&#8217;aquesta manera es pot entendre que la psicomotricitat modifica i millora les relacions interpersonals.<\/p>\n\n\n\n<p>Des de la psicomotricitat, entenem el moviment com a font de salut f\u00edsica, mitj\u00e0 d&#8217;estimulaci\u00f3 sensorial i organitzador de les capacitats mentals i mitj\u00e0 de comunicaci\u00f3 i de relaci\u00f3 amb els altres.<\/p>\n\n\n\n<h2 class=\"wp-block-heading\">Objectius a treballar i justificaci\u00f3 per a la continu\u00eftat:<\/h2>\n\n\n\n<p>Afavorir el desenvolupament motor de l&#8217;individu.<\/p>\n\n\n\n<p>Aconseguir la integraci\u00f3 de l&#8217;esquema corporal: con\u00e8ixer i tenir consci\u00e8ncia del nostre cos tant en moviment com en est\u00e0tic.<\/p>\n\n\n\n<p>Dominar l&#8217;equilibri.<\/p>\n\n\n\n<p>Controlar les coordinacions globals i segment\u00e0ries.<\/p>\n\n\n\n<p>Treballar la relaci\u00f3 per a alleujar les tensions que es produeixen en el nostre cos.<\/p>\n\n\n\n<p>Controlar la respiraci\u00f3<\/p>\n\n\n\n<p>Adquirir l&#8217;adequada estructura espacial i temporal.<\/p>\n\n\n\n<p>Augmentar el benestar emocional. Fomentar l&#8217;alegria.<\/p>\n\n\n\n<p>Millorar les relacions socials. Experimentar el moviment conjuntament.<\/p>\n\n\n\n<p>Millorar les possibilitats d&#8217;adaptaci\u00f3 al m\u00f3n exterior.<\/p>\n\n\n\n<h2 class=\"wp-block-heading\">Estructura del curs<\/h2>\n\n\n\n<div class=\"wp-block-columns is-layout-flex wp-container-core-columns-is-layout-9d6595d7 wp-block-columns-is-layout-flex\">\n<div class=\"wp-block-column is-layout-flow wp-block-column-is-layout-flow\">\n<h3 class=\"wp-block-heading\">Espai:<\/h3>\n\n\n\n<p>L&#8217;activitat es realitzar\u00e0 en una sala \u00e0mplia, sense barreres arquitect\u00f2niques ni est\u00edmuls externs que interfereixin en el proc\u00e9s de l&#8217;activitat.<\/p>\n\n\n\n<h3 class=\"wp-block-heading\">Materials:<\/h3>\n\n\n\n<p>El material essencial ser\u00e0 el propi cos. Per\u00f2 tamb\u00e9 es treballar\u00e0 amb diferents materials (pilotes, pals o rulos de llitera, bicis petites, corrioles, escales, barana, paral\u00b7leles, espatlleres, thera-*band, estoretes\u2026)<\/p>\n<\/div>\n\n\n\n<div class=\"wp-block-column is-layout-flow wp-block-column-is-layout-flow\">\n<h3 class=\"wp-block-heading\">Temps:<\/h3>\n\n\n\n<p>Les sessions de psicomotricitat es realitzaran: <\/p>\n\n\n\n<p>Dimecres de <a>10.30-11.30h \/ 11.30-12:30h.<\/a><\/p>\n\n\n\n<p>Divendres de 10.30-11.30h \/ 11.30-12:30h<\/p>\n\n\n\n<p>Estructura de la sessi\u00f3:<\/p>\n\n\n\n<p>Cada sessi\u00f3 constar\u00e0 de tres parts:<\/p>\n\n\n\n<p>Inici: ser\u00e0 un escalfament d&#8217;uns 5-10 min.<\/p>\n\n\n\n<p>Nucli: Desenvolupament de l&#8217;activitat per a treballar els objectius proposats mitjan\u00e7ant un circuit i exercicis elaborats i realitzats pel fisio. Uns 35 min<\/p>\n\n\n\n<p>Final: estiraments i relaxaci\u00f3. Uns 5-10 min<\/p>\n<\/div>\n<\/div>\n\n\n\n<figure class=\"wp-block-image size-large\"><img loading=\"lazy\" decoding=\"async\" width=\"1024\" height=\"577\" src=\"http:\/\/www.fisios.net\/wp-content\/uploads\/2023\/02\/psicomotricidad-1024x577.jpg\" alt=\"\" class=\"wp-image-2232\" srcset=\"https:\/\/www.fisios.net\/wp-content\/uploads\/2023\/02\/psicomotricidad-1024x577.jpg 1024w, https:\/\/www.fisios.net\/wp-content\/uploads\/2023\/02\/psicomotricidad-300x169.jpg 300w, https:\/\/www.fisios.net\/wp-content\/uploads\/2023\/02\/psicomotricidad-768x432.jpg 768w, https:\/\/www.fisios.net\/wp-content\/uploads\/2023\/02\/psicomotricidad-1536x865.jpg 1536w, https:\/\/www.fisios.net\/wp-content\/uploads\/2023\/02\/psicomotricidad.jpg 1600w\" sizes=\"auto, (max-width: 1024px) 100vw, 1024px\" \/><\/figure>\n<\/div>\n<\/div>\n\n\n","protected":false},"excerpt":{"rendered":"<p>PSICOMOTRICITAT La psicomotricitat \u00e9s la relaci\u00f3 m\u00fatua entre la funci\u00f3 motriu i la capacitat ps\u00edquica que engloba el component socioafectiu (on estan les relacions que estableix l&#8217;individu, comportaments i sentiments) i el component cognitiu (que fa refer\u00e8ncia a les capacitats i aptituds de l&#8217;individu) Podem dir, per tant, que el moviment no es redueix a [&hellip;]<\/p>\n","protected":false},"author":1,"featured_media":0,"parent":0,"menu_order":0,"comment_status":"closed","ping_status":"closed","template":"","meta":{"inline_featured_image":false,"_genesis_hide_title":false,"_genesis_hide_breadcrumbs":false,"_genesis_hide_singular_image":false,"_genesis_hide_footer_widgets":false,"_genesis_custom_body_class":"","_genesis_custom_post_class":"","_genesis_layout":"","_joinchat":[],"footnotes":""},"class_list":{"0":"post-1283","1":"page","2":"type-page","3":"status-publish","5":"entry"},"_links":{"self":[{"href":"https:\/\/www.fisios.net\/ca\/wp-json\/wp\/v2\/pages\/1283","targetHints":{"allow":["GET"]}}],"collection":[{"href":"https:\/\/www.fisios.net\/ca\/wp-json\/wp\/v2\/pages"}],"about":[{"href":"https:\/\/www.fisios.net\/ca\/wp-json\/wp\/v2\/types\/page"}],"author":[{"embeddable":true,"href":"https:\/\/www.fisios.net\/ca\/wp-json\/wp\/v2\/users\/1"}],"replies":[{"embeddable":true,"href":"https:\/\/www.fisios.net\/ca\/wp-json\/wp\/v2\/comments?post=1283"}],"version-history":[{"count":6,"href":"https:\/\/www.fisios.net\/ca\/wp-json\/wp\/v2\/pages\/1283\/revisions"}],"predecessor-version":[{"id":2274,"href":"https:\/\/www.fisios.net\/ca\/wp-json\/wp\/v2\/pages\/1283\/revisions\/2274"}],"wp:attachment":[{"href":"https:\/\/www.fisios.net\/ca\/wp-json\/wp\/v2\/media?parent=1283"}],"curies":[{"name":"wp","href":"https:\/\/api.w.org\/{rel}","templated":true}]}}

<div class="wp-block-columns align-items-center is-layout-flex wp-container-core-columns-is-layout-9d6595d7 wp-block-columns-is-layout-flex">
<div class="wp-block-column is-layout-flow wp-block-column-is-layout-flow">
<h1 class="has-theme-secondary-color has-text-color wp-block-heading">PSICOMOTRICITAT</h1>
</div>



<div class="wp-block-column is-layout-flow wp-block-column-is-layout-flow">
<figure class="wp-block-image size-full"><img loading="lazy" decoding="async" width="788" height="685" src="http://www.fisios.net/wp-content/uploads/2022/11/psicomotricidad-1.png" alt="" class="wp-image-1799" srcset="https://www.fisios.net/wp-content/uploads/2022/11/psicomotricidad-1.png 788w, https://www.fisios.net/wp-content/uploads/2022/11/psicomotricidad-1-300x261.png 300w, https://www.fisios.net/wp-content/uploads/2022/11/psicomotricidad-1-768x668.png 768w" sizes="auto, (max-width: 788px) 100vw, 788px" /></figure>
</div>
</div>



<div class="wp-block-columns is-layout-flex wp-container-core-columns-is-layout-9d6595d7 wp-block-columns-is-layout-flex">
<div class="wp-block-column menu-servicios is-layout-flow wp-block-column-is-layout-flow" style="flex-basis:20%">
<div class="wp-block-columns is-layout-flex wp-container-core-columns-is-layout-9d6595d7 wp-block-columns-is-layout-flex">
<div class="wp-block-column is-layout-flow wp-block-column-is-layout-flow">
<p>TOTS ELS TRACTAMENTS</p>



<p><a href="http://www.fisios.net/ca/fisiopilates/" data-type="page" data-id="929">Fisiopilates</a></p>



<p><a href="http://www.fisios.net/ca/psicomotricitat/" data-type="page" data-id="934">Psicomotricitat</a></p>



<p><a href="http://www.fisios.net/ca/chi-kung-terapeutic/" data-type="page" data-id="936">Chi-*Kung Terapèutic</a></p>
</div>
</div>
</div>



<div class="wp-block-column is-layout-flow wp-block-column-is-layout-flow" style="flex-basis:80%">
<p>La psicomotricitat és la relació mútua entre la funció motriu i la capacitat psíquica que engloba el component socioafectiu (on estan les relacions que estableix l&#8217;individu, comportaments i sentiments) i el component cognitiu (que fa referència a les capacitats i aptituds de l&#8217;individu)</p>



<p>Podem dir, per tant, que el moviment no es redueix a una activitat mecànica, sinó que està influït i influeix en la funció psíquica de l&#8217;individu.</p>



<p>El moviment és el mitjà a través del qual l&#8217;individu es posa en relació amb el que li envolta; d&#8217;aquesta manera es pot entendre que la psicomotricitat modifica i millora les relacions interpersonals.</p>



<p>Des de la psicomotricitat, entenem el moviment com a font de salut física, mitjà d&#8217;estimulació sensorial i organitzador de les capacitats mentals i mitjà de comunicació i de relació amb els altres.</p>



<h2 class="wp-block-heading">Objectius a treballar i justificació per a la continuïtat:</h2>



<p>Afavorir el desenvolupament motor de l&#8217;individu.</p>



<p>Aconseguir la integració de l&#8217;esquema corporal: conèixer i tenir consciència del nostre cos tant en moviment com en estàtic.</p>



<p>Dominar l&#8217;equilibri.</p>



<p>Controlar les coordinacions globals i segmentàries.</p>



<p>Treballar la relació per a alleujar les tensions que es produeixen en el nostre cos.</p>



<p>Controlar la respiració</p>



<p>Adquirir l&#8217;adequada estructura espacial i temporal.</p>



<p>Augmentar el benestar emocional. Fomentar l&#8217;alegria.</p>



<p>Millorar les relacions socials. Experimentar el moviment conjuntament.</p>



<p>Millorar les possibilitats d&#8217;adaptació al món exterior.</p>



<h2 class="wp-block-heading">Estructura del curs</h2>



<div class="wp-block-columns is-layout-flex wp-container-core-columns-is-layout-9d6595d7 wp-block-columns-is-layout-flex">
<div class="wp-block-column is-layout-flow wp-block-column-is-layout-flow">
<h3 class="wp-block-heading">Espai:</h3>



<p>L&#8217;activitat es realitzarà en una sala àmplia, sense barreres arquitectòniques ni estímuls externs que interfereixin en el procés de l&#8217;activitat.</p>



<h3 class="wp-block-heading">Materials:</h3>



<p>El material essencial serà el propi cos. Però també es treballarà amb diferents materials (pilotes, pals o rulos de llitera, bicis petites, corrioles, escales, barana, paral·leles, espatlleres, thera-*band, estoretes…)</p>
</div>



<div class="wp-block-column is-layout-flow wp-block-column-is-layout-flow">
<h3 class="wp-block-heading">Temps:</h3>



<p>Les sessions de psicomotricitat es realitzaran: </p>



<p>Dimecres de <a>10.30-11.30h / 11.30-12:30h.</a></p>



<p>Divendres de 10.30-11.30h / 11.30-12:30h</p>



<p>Estructura de la sessió:</p>



<p>Cada sessió constarà de tres parts:</p>



<p>Inici: serà un escalfament d&#8217;uns 5-10 min.</p>



<p>Nucli: Desenvolupament de l&#8217;activitat per a treballar els objectius proposats mitjançant un circuit i exercicis elaborats i realitzats pel fisio. Uns 35 min</p>



<p>Final: estiraments i relaxació. Uns 5-10 min</p>
</div>
</div>



<figure class="wp-block-image size-large"><img loading="lazy" decoding="async" width="1024" height="577" src="http://www.fisios.net/wp-content/uploads/2023/02/psicomotricidad-1024x577.jpg" alt="" class="wp-image-2232" srcset="https://www.fisios.net/wp-content/uploads/2023/02/psicomotricidad-1024x577.jpg 1024w, https://www.fisios.net/wp-content/uploads/2023/02/psicomotricidad-300x169.jpg 300w, https://www.fisios.net/wp-content/uploads/2023/02/psicomotricidad-768x432.jpg 768w, https://www.fisios.net/wp-content/uploads/2023/02/psicomotricidad-1536x865.jpg 1536w, https://www.fisios.net/wp-content/uploads/2023/02/psicomotricidad.jpg 1600w" sizes="auto, (max-width: 1024px) 100vw, 1024px" /></figure>
</div>
</div>

<p>PSICOMOTRICITAT La psicomotricitat és la relació mútua entre la funció motriu i la capacitat psíquica que engloba el component socioafectiu (on estan les relacions que estableix l&#8217;individu, comportaments i sentiments) i el component cognitiu (que fa referència a les capacitats i aptituds de l&#8217;individu) Podem dir, per tant, que el moviment no es redueix a [&hellip;]</p>
